onvert 3532 (base 12) to base 6.
43302
-2b0 (base 14) to base 4
-20202
1882 (base 12) to base 16
ba2
-4065 (base 9) to base 16
-b9f
What is 899 (base 11) in base 5?
13301
Convert 11010000010100 (base 2) to base 5.
411312
Convert -21320 (base 5) to base 16.
-5b4
Convert -211021001 (base 3) to base 7.
-65212
What is 13b47 (base 12) in base 4?
12232213
Convert 2402044 (base 5) to base 15.
d09e
128 (base 13) to base 6
535
-1403 (base 7) to base 9
-662
-11220 (base 6) to base 4
-120330
What is 10412 (base 5) in base 10?
732
1a5b (base 16) to base 9
10226
110233130 (base 4) to base 5
10204311
What is 234 (base 13) in base 14?
1d3
125211 (base 7) to base 10
23430
Convert 685 (base 10) to base 6.
3101
Convert -1798 (base 16) to base 8.
-13630
What is -3304 (base 7) in base 11?
-983
Convert -343 (base 12) to base 6.
-2123
What is -21514 (base 8) in base 7?
-35226
-20ab9 (base 12) to base 9
-65046
Convert 105125 (base 6) to base 5.
241114
-424111 (base 5) to base 14
-52c1
What is 1022110 (base 3) in base 14?
4c5
Convert 124 (base 7) to base 10.
67
What is -b83 (base 12) in base 2?
-11010010011
1b27 (base 14) to base 12
2a33
Convert a45 (base 14) to base 8.
3745
What is -1dc9 (base 14) in base 3?
-21111120
-24 (base 5) to base 3
-112
Convert -2268 (base 12) to base 5.
-110244
What is -3461 (base 8) in base 4?
-130301
Convert -6b4 (base 13) to base 14.
-5cd
-57a (base 16) to base 9
-1827
What is -1100001100 (base 2) in base 6?
-3340
Convert -aa2 (base 11) to base 5.
-20242
What is -555031 (base 6) in base 15?
-db74
9aa (base 12) to base 6
10334
What is b05c (base 13) in base 7?
130453
Convert 4b (base 13) to base 9.
70
Convert 431 (base 9) to base 3.
111001
-1713 (base 16) to base 8
-13423
What is -201020 (base 3) in base 9?
-636
What is 1011011101 (base 2) in base 12?
511
Convert 23636 (base 8) to base 2.
10011110011110
28308 (base 9) to base 15
5a55
What is 16273 (base 8) in base 9?
11072
Convert -234 (base 13) to base 4.
-11331
-222010 (base 3) to base 8
-1301
What is 34 (base 15) in base 11?
45
Convert 3 (base 9) to base 11.
3
11010101000 (base 2) to base 15
789
What is 1226 (base 14) in base 3?
11100102
What is -101001100100 (base 2) in base 3?
-10122112
What is -13175 (base 9) in base 4?
-2023001
What is -4dcc (base 14) in base 16?
-3588
What is -2351 (base 16) in base 15?
-2a2b
What is -11320 (base 4) in base 11?
-312
Convert -243 (base 10) to base 9.
-300
-516 (base 11) to base 15
-2b7
9b16 (base 13) to base 15
6636
1120000 (base 3) to base 8
2156
What is 68 (base 12) in base 2?
1010000
Convert -15682 (base 10) to base 5.
-1000212
What is 1150100 (base 6) in base 4?
32320110
What is -204313 (base 6) in base 2?
-100000010010101
What is -65 (base 16) in base 4?
-1211
302000 (base 5) to base 12
56a1
What is 10001100000 (base 2) in base 8?
2140
Convert -111120 (base 3) to base 12.
-266
What is 1132 (base 9) in base 3?
1011002
Convert -2072 (base 13) to base 7.
-16040
Convert -10812 (base 12) to base 8.
-52616
Convert c73b (base 13) to base 11.
19809
What is 1002011110 (base 3) in base 16?
530d
What is 11203331 (base 4) in base 9?
34222
-6d19 (base 15) to base 12
-11513
1020130 (base 4) to base 3
20100201
Convert -15060 (base 9) to base 6.
-115300
What is -2207 (base 8) in base 16?
-487
Convert 80 (base 14) to base 7.
220
-24153 (base 6) to base 9
-4746
Convert -1001001 (base 2) to base 14.
-53
What is -1209 (base 15) in base 2?
-111011111010
-ce (base 15) to base 11
-167
What is 2131 (base 6) in base 9?
601
Convert -726 (base 15) to base 13.
-96c
Convert 1131 (base 14) to base 16.
ba7
What is 2365 (base 8) in base 15?
599
-1162 (base 14) to base 5
-44101
946 (base 10) to base 4
32302
Convert 4688 (base 10) to base 2.
1001001010000
Convert 3255 (base 6) to base 12.
52b
-12a (base 16) to base 5
-2143
Convert -2103 (base 5) to base 9.
-338
Convert -22 (base 4) to base 16.
-a
Convert -9737 (base 15) to base 4.
-13310002
Convert 2466 (base 7) to base 11.
776
What is 28403 (base 9) in base 11?
13539
Convert 2c4 (base 13) to base 16.
1f2
Convert 310141 (base 5) to base 9.
14702
Convert 0 (base 14) to base 3.
0
What is 1101000111000011 (base 2) in base 8?
150703
37b (base 12) to base 13
317
Convert -13312 (base 4) to base 10.
-502
What is ca1 (base 14) in base 10?
2493
Convert -a938 (base 11) to base 12.
-8434
What is 1130232 (base 4) in base 8?
13456
Convert -1121220 (base 4) to base 12.
-33a0
What is -3abc (base 16) in base 5?
-440121
Convert -872 (base 15) to base 13.
-b39
251601 (base 7) to base 3
2100110020
Convert -758 (base 12) to base 5.
-13301
236a7 (base 11) to base 13
126b6
Convert 3212120 (base 4) to base 8.
34630
-182a (base 11) to base 10
-2331
Convert -19137 (base 10) to base 14.
-6d8d
-83632 (base 10) to base 7
-465553
Convert 100000111111 (base 2) to base 9.
2805
-1011110111001 (base 2) to base 11
-4621
What is -79 (base 16) in base 13?
-94
-12100002 (base 3) to base 12
-2302
What is 1876 (base 9) in base 16?
5a6
What is -22300 (base 6) in base 11?
-2398
-7a0 (base 16) to base 6
-13012
-242000 (base 5) to base 7
-35145
-4f6 (base 16) to base 9
-1661
Convert -306 (base 16) to base 6.
-3330
6306 (base 7) to base 3
10000220
Convert 3681 (base 14) to base 6.
112025
610 (base 9) to base 6
2143
What is -147711 (base 8) in base 12?
-26949
2a5c (base 15) to base 11
6911
-520 (base 6) to base 7
-363
Convert -313 (base 10) to base 12.
-221
Convert 2a69 (base 11) to base 3.
12102012
-415 (base 14) to base 12
-56b
Convert 1010001010 (base 2) to base 14.
346
5312 (base 7) to base 12
10bb
What is -655 (base 9) in base 11?
-448
Convert -10303002 (base 4) to base 11.
-13844
Convert -11100110010100 (base 2) to base 13.
-692b
What is -10113330 (base 4) in base 2?
-100010111111100
-40a26 (base 12) to base 11
-58470
What is -1100100001010 (base 2) in base 5?
-201120
-126 (base 12) to base 2
-10101110
Convert -1374a (base 11) to base 3.
-222210112
What is -653 (base 7) in base 9?
-408
534 (base 13) to base 16
378
Convert 47a (base 12) to base 15.
2ea
What is -1022010 (base 3) in base 5?
-12243
5636 (base 7) to base 9
2712
What is 2b9a (base 12) in base 7?
21016
23442 (base 8) to base 14
3918
-21221 (base 3) to base 14
-114
330242 (base 5) to base 10
11322
200343 (base 5) to base 13
2b74
What is 6151 (base 9) in base 5?
121001
What is 9dd (base 14) in base 10?
1959
22650 (base 8) to base 6
112344
Convert 4541 (base 7) to base 6.
11342
What is 1d80 (base 16) in base 13?
358c
-17 (base 13) to base 5
-40
Convert -34323 (base 6) to base 13.
-22b0
Convert -21a (base 16) to base 6.
-2254
Convert 103 (base 12) to base 14.
a7
What is -56334 (base 7) in base 11?
-a771
Convert 1614 (base 9) to base 14.
63a
Convert 1107 (base 10) to base 13.
672
Convert -214631 (base 7) to base 6.
-450315
What is -899 (base 11) in base 12?
-758
Convert -1023232 (base 5) to base 3.
-212202101
86721 (base 9) to base 13
201c1
1371 (base 11) to base 8
3354
Convert -221 (base 15) to base 3.
-122211
What is -465 (base 16) in base 9?
-1480
Convert -2201 (base 5) to base 10.
-301
What is -2658 (base 11) in base 15?
-1051
What is 2446 (base 12) in base 6?
30530
Convert 2343 (base 5) to base 4.
11130
Convert 41d (base 14) to base 8.
1453
-2013 (base 8) to base 11
-861
Convert 1111110101 (base 2) to base 11.
841
1118 (base 11) to base 16
5bf
Convert 77b4 (base 13) to base 3.
211220212
What is 4 (base 6) in base 2?
100
What is 23012 (base 9) in base 7?
62444
Convert -6035 (base 13) to base 3.
-200010212
Convert 257 (base 10) to base 8.
401
100110111 (base 2) to base 14
183
What is 24360 (base 7) in base 13?
2b86
What is 1b6 (base 15) in base 10?
396
-9922 (base 10) to base 11
-7500
-23044 (base 7) to base 6
-43051
What is 403310 (base 5) in base 10?
12955
-2593 (base 11) to base 3
-11121210
-65 (base 9) to base 14
-43
Convert 32412 (base 5) to base 11.
174a
10020112 (base 3) to base 4
210323
Convert -464 (base 7) to base 15.
-112
-16a0 (base 16) to base 13
-2837
What is -110001101 (base 2) in base 15?
-1b7
Convert -1010010011 (base 2) to base 6.
-3015
-184 (base 10) to base 9
-224
2003 (base 7) to base 13
410
What is -45a (base 12) in base 15?
-2d1
What is 14321 (base 11) in base 2?
100111101111111
Convert -1352 (base 6) to base 14.
-1b6
Convert -5508 (base 9) to base 15.
-1308
Convert 10110212 (ba